 10196 - 10106. What is the highest common factor of w and 318?
6
Let o(q) = -q**2 - 41*q - 280. Let f be o(-14). Calculate the highest common factor of f and 98.
98
Let p(v) = v**2 + 68*v + 879. Let g be p(-51). Calculate the greatest common factor of 684 and g.
12
Let a be 457 - (2 - (-7 + 7)). Let d be (-3 - -9)*70/12. What is the highest common factor of a and d?
35
Let a(b) = 2*b**2 + 10*b + 1. Let k be a(-8). Let n = k - 29. Suppose -4*o = 5*p - 410, -249 = -4*o + 3*p + 145. What is the highest common divisor of o and n?
20
Let h(g) = g**2 - 34*g + 36. Let w be h(31). Let d be w/(-6) + (-3)/(-6). Calculate the highest common factor of d and 6.
2
Let m = -145 - -205. Let f(w) = -4*w + 2*w + m + 2*w - 3*w. Let h be f(15). Calculate the greatest common divisor of h and 60.
15
Suppose 0 = -13038*a + 13003*a + 1540. What is the highest common factor of a and 1556?
4
Let m(s) be the first derivative of s**3/3 + 12*s**2 - 19*s - 181. Let g be m(-38). Calculate the greatest common divisor of 57 and g.
57
Let p = -443 - -454. Suppose 198 = 11*o + p*o. What is the greatest common factor of 243 and o?
9
Let t be 772/11 - (52/(-143))/(-2). What is the highest common factor of t and 252?
14
Let l(z) = z**3 + 7*z**2 + 5*z - 3. Let v be 22/(-5) - 3/5. Let i be l(v). Let x = -4049 - -4104. Calculate the greatest common factor of i and x.
11
Suppose 68*d - 197*d = -94*d - 6720. What is the greatest common factor of d and 17184?
96
Suppose -7*i - 3*h - 248 = -6*i, i - 5*h = -216. Let v = -152 - i. What is the greatest common factor of 126 and v?
42
Suppose -103*j = 7*j - 990. Calculate the highest common divisor of j and 123.
3
Suppose 244*o - 3291 - 1589 = 0. What is the greatest common divisor of o and 374?
2
Suppose -12*d + 35*d - 6003 = 0. Let h = 321 - d. Calculate the highest common divisor of h and 1020.
60
Let v be (476 - 480)/(2/208*-1). What is the highest common factor of 96 and v?
32
Let a be (61 + (1 - 0))*(630 + -479). Calculate the greatest common factor of 62 and a.
62
Let y(j) = j**2 + 7*j + 38. Let z be y(-13). Let h = 553 - z. Calculate the greatest common factor of 19 and h.
19
Let d = -10 - -17. Let y(m) = m**2 + 22*m - 73. Let p(w) = -19*w**2 + 6*w. Let o be p(-1). Let t be y(o). What is the highest common factor of d and t?
1
Let q(y) = 26*y**2 - 2*y + 138. Let n be q(0). Calculate the highest common divisor of 2001 and n.
69
Let c be (-2)/(-5) + 162/45. Let h(r) = c - 7 + 11*r - 1 - 4. Let z be h(8). Calculate the highest common divisor of 8 and z.
8
Let h = -31249 + 40518. Calculate the greatest common factor of 1495 and h.
299
Suppose -1799 = -65*r + 22511. Suppose -5*n + 6*w + 252 = 5*w, n + 4*w = 63. Calculate the greatest common divisor of r and n.
17
Let q(g) be the third derivative of -g**4/6 + 19*g**3/6 - 103*g**2. Let w be q(-5). Calculate the greatest common factor of w and 312.
39
Suppose n = 17 - 11. Suppose 2*i - 80 = -n*i. Suppose 4*z - 2*p - i = -z, -4*p = 0. Calculate the greatest common divisor of z and 5.
1
Let n(r) = -25*r + 64. Let l(o) = -451*o + 1155. Let p(z) = -3*l(z) + 55*n(z). Let b be p(-1). What is the greatest common factor of 7 and b?
7
Let a(d) = -d**2 + 42*d - 140. Let k be a(4). Calculate the highest common factor of k and 1812.
12
Suppose -5*f + 3*o + 0*o - 153 = 0, 0 = 2*f - o + 61. Let l be 25/(-10)*336/f. Calculate the greatest common factor of l and 16.
4
Suppose -4*f = -3*c + 48, 0 = c - f - 4*f - 27. Let x be (1 + (-39)/(-2))*50. Let j = -1013 + x. What is the highest common factor of j and c?
12
Let x(r) = r**2 - 73*r + 154. Let d be x(78). Calculate the highest common factor of d and 374.
34
Suppose -30989 + 9429 = -55*z. Suppose 415*x = 413*x + z. Calculate the highest common factor of 14 and x.
14
Suppose 0 = g + 21 - 55. Suppose -2*i + 25*o + 188 = 29*o, -4*i - 3*o = -396. Calculate the greatest common divisor of i and g.
34
Let z be 138/6 + -4 + 1. Suppose 2*b = 4*b - z. What is the highest common divisor of 110 and b?
10
Suppose 8*a + 18 = 2. Let q be (a/6)/((8 + -3)/(-60)). Let w = 141 - 97. What is the highest common factor of w and q?
4
Let g be 1859/858 + 1/(-6). What is the highest common factor of g and 862?
2
Suppose -4 + 14 = -10*s. Let a be 1*((s - 21) + -3)*-1. Calculate the highest common factor of a and 1.
1
Suppose -2*y + 5034 = 4*h, 7*h - 5*y = 11*h - 5049. Let v = h + -706. Calculate the greatest common divisor of v and 25.
25
Suppose 941 + 955 = 24*i. What is the greatest common divisor of i and 3239?
79
Suppose 3*y = 5*p + 39, -2*y - 21*p + 30 = -23*p. What is the highest common divisor of 102 and y?
6
Suppose -4*p = 2*c - 284, -184 - 171 = -5*p + c. Let i be p + 8 - (-18)/(-2). Calculate the greatest common factor of i and 126.
14
Let p be (2 - 2) + (-2322)/(-40 - -13). What is the highest common factor of p and 9976?
86
Suppose 4*w = -2*k - w - 17, -4*k - 4*w = 64. Let f be 85 + -6*(-14)/k. What is the greatest common factor of 27 and f?
27
Let c(j) = j**3 + 2*j**2 + 31*j - 110. Let g be c(3). Calculate the highest common factor of 1036 and g.
28
Suppose -9*u - 4449 = -795. Let m = -403 - u. What is the greatest common factor of 3 and m?
3
Let p(x) = x**2 - 150*x - 2417. Let n be p(-30). Calculate the greatest common divisor of 471 and n.
157
Let n(y) = 7*y + 38. Let t be n(-7). Let d be (-136882)/t*-1 + (-12)/66. Let j be d/(-119) - (-3)/7. What is the greatest common divisor of j and 15?
15
Let l = -190 + 189. Let a(t) = -19*t**3 + 4*t**2 + 2*t. Let g be a(l). Calculate the highest common divisor of 147 and g.
21
Let j be (-2)/(-12) + 385/66 - (-36 - 7). Calculate the greatest common divisor of 959 and j.
7
Suppose -289*j - 8704 = -353*j. Calculate the highest common divisor of 172 and j.
4
Suppose -5*r = 3*q - 30, 6*q - 32 = 2*q - 4*r. Suppose -w + 662 = 6*x - q*x, -w - 3*x = -652. Calculate the highest common factor of w and 23.
23
Let b(u) = 407*u**3 - 7*u**2 + 8*u - 5. Let q be b(1). Calculate the greatest common factor of 13 and q.
13
Let v = -190 - -164. Let l = v + 51. Let k = -72 + 122. Calculate the greatest common divisor of l and k.
25
Let c be (-5104)/(-10)*-1 - 2/(-5). Let f be (1*14/6)/(10/c). Let x = -104 - f. Calculate the highest common divisor of x and 165.
15
Let f(z) = -946*z**3 + z**2 - 17*z - 18. Let v be f(-1). Suppose -9*g + 350 = -v. Let a be 0 + 2 + -3 + 19. What is the highest common factor of a and g?
18
Let x(i) = i**3 - 18*i**2 + 105*i + 18. Let n be x(14). What is the highest common divisor of n and 407?
11
Let g(b) = 3*b**2 + 9*b - 48. Let d be g(-6). Let q(c) = -13*c + 270. Let t be q(d). What is the highest common factor of 6 and t?
6
Suppose 4*z - 2*w - 633 - 591 = 0, w = -2*z + 612. Let f(q) = 7*q**3 - 203*q**2 - 64*q + 1907. Let u be f(29). What is the greatest common divisor of z and u?
51
Let x(z) = -z + 21. Let f be x(-19). Let m = 42 + f. Let a be 41 - (3 + -3) - 0. What is the greatest common divisor of m and a?
41
Suppose 0 = -151*o + 941*o - 74260. What is the highest common factor of o and 21526?
94
Let u(n) = 74*n + 3. Let q be u(4). Let k(t) = 21*t + 989. Let c be k(-46). Calculate the greatest common factor of c and q.
23
Suppose 0 = 4*g + 16, 0 = 4*n - 5*g - 232 + 804. Let y be n/(-4) + (-16 - -19). Suppose 4*k - 960 - 320 = 0. What is the greatest common divisor of k and y?
40
Let a be (-6 + 77/14)*(1 - 9). Let k(c) = -9*c + 3*c + a*c - 2 + 3*c**2 - 2*c. Let m be k(4). What is the greatest common divisor of 45 and m?
15
Let m be (325 + 139)*(1 + 2/(-4)). Calculate the highest common factor of 64 and m.
8
Suppose 5*r - 198 = 2*r. Suppose 0 = -4*m - 5*z + 137, 94*z - 100*z = -m + 27. Calculate the greatest common factor of m and r.
33
Let n(u) = -2*u**2 + 271*u - 2358. Let c be n(122). Calculate the greatest common factor of c and 2145.
39
Let b = 84 - 81. Suppose 0 = -2*r + 2*s + 28 + 2, -b*r = -5*s - 47. Let y = r + 35. What is the highest common factor of y and 7?
7
Suppose -3*g + 12 = 0, 3*w + 2*g - 845 = -93. Let a = w - 246. What is the highest common factor of a and 1?
1
Let p = -305 + 64. Let t = p + 268. Calculate the greatest common factor of 18 and t.
9
Suppose 246 = n - 4*u + 61, 4*n - 755 = u. Let a be 478/(-1195) - 137/(-5). Calculate the highest common divisor of a and n.
27
Let n = 16 - 15. Let k 